010212 (base 3) to base 16
-117e
Convert -7b93 (base 12) to base 10.
-13791
13301 (base 5) to base 3
1110212
What is -1520 (base 10) in base 6?
-11012
What is 1e8 (base 16) in base 5?
3423
Convert 69 (base 14) to base 8.
135
-5b7 (base 14) to base 15
-511
-342 (base 9) to base 11
-236
-6727 (base 13) to base 11
-a8aa
Convert -1069 (base 15) to base 12.
-2016
-cc (base 15) to base 4
-3000
What is 1a2 (base 12) in base 10?
266
Convert -104041 (base 5) to base 10.
-3646
Convert -25635 (base 7) to base 10.
-6837
692 (base 11) to base 14
431
Convert -617 (base 11) to base 10.
-744
What is -a7a3 (base 16) in base 14?
-118d5
Convert -20c1 (base 14) to base 3.
-21202112
65d4 (base 15) to base 7
116620
What is 1bd6 (base 15) in base 14?
22c3
What is 211514 (base 6) in base 9?
25601
What is -10011001101 (base 2) in base 13?
-737
What is -121153 (base 8) in base 2?
-1010001001101011
What is -986 (base 11) in base 16?
-49f
-130 (base 16) to base 8
-460
Convert 13400 (base 5) to base 4.
101030
What is -314421 (base 5) in base 6?
-121043
What is -12222010 (base 3) in base 15?
-1450
Convert -141 (base 5) to base 15.
-31
Convert 1100111001101 (base 2) to base 15.
1e55
Convert -234 (base 15) to base 12.
-357
Convert 6672 (base 8) to base 5.
103024
-444a (base 16) to base 5
-1024412
Convert 32063 (base 7) to base 4.
1323332
Convert -1588 (base 11) to base 9.
-2707
What is -10010010000100 (base 2) in base 7?
-36153
Convert -c93 (base 13) to base 4.
-201210
-3174 (base 13) to base 11
-5172
Convert -20001 (base 4) to base 10.
-513
What is -1001122 (base 4) in base 2?
-1000001011010
10202 (base 4) to base 7
563
Convert 151 (base 10) to base 4.
2113
2202100011 (base 3) to base 13
1b889
Convert 3341 (base 7) to base 4.
102311
Convert 111110010111 (base 2) to base 8.
7627
Convert 20 (base 15) to base 11.
28
1010001011 (base 2) to base 7
1620
Convert -110120 (base 3) to base 8.
-523
What is -16427 (base 10) in base 15?
-4d02
Convert 51 (base 9) to base 11.
42
What is -334301 (base 5) in base 4?
-2320302
Convert -5a0 (base 16) to base 6.
-10400
What is 26017 (base 9) in base 10?
17512
Convert -1220300 (base 4) to base 9.
-10168
d8a (base 15) to base 4
233233
What is -153 (base 8) in base 11?
-98
What is -45432 (base 6) in base 13?
-2c06
What is -4388 (base 15) in base 11?
-a823
What is -243251 (base 6) in base 3?
-1002110211
What is -143c (base 14) in base 12?
-20a6
Convert -d93 (base 14) to base 7.
-10543
2101110 (base 3) to base 2
11011001100
-320211 (base 5) to base 15
-3271
What is -2001 (base 5) in base 13?
-164
What is 1054 (base 7) in base 10?
382
Convert 1260 (base 7) to base 3.
122220
Convert 773 (base 8) to base 2.
111111011
Convert -5150 (base 8) to base 2.
-101001101000
-22200 (base 4) to base 8
-1240
What is 24747 (base 8) in base 12?
625b
3261 (base 16) to base 3
122200200
What is -a09 (base 15) in base 4?
-203103
Convert 400405 (base 6) to base 14.
b565
11230 (base 4) to base 9
444
What is 4472 (base 8) in base 15?
a77
Convert 2017 (base 11) to base 4.
221320
Convert -13231 (base 4) to base 11.
-409
-2624 (base 8) to base 13
-85b
Convert 221112 (base 3) to base 11.
577
What is 10011000011 (base 2) in base 4?
103003
Convert 1122321 (base 4) to base 6.
42533
Convert 188 (base 16) to base 13.
242
What is 357 (base 10) in base 12?
259
-110231 (base 5) to base 7
-14061
Convert 1000101021 (base 3) to base 11.
13aa6
34501 (base 6) to base 13
2326
617 (base 10) to base 9
755
-766 (base 9) to base 4
-21303
What is 255 (base 14) in base 8?
723
Convert 158a (base 15) to base 16.
1216
10000101011 (base 2) to base 11
890
Convert -14413 (base 6) to base 11.
-1813
Convert -662c (base 16) to base 15.
-7b3b
What is 10101000011011 (base 2) in base 4?
2220123
What is 5c4 (base 14) in base 13?
6a8
What is -10a54 (base 12) in base 9?
-33451
312 (base 5) to base 12
6a
Convert -10101012 (base 3) to base 6.
-15222
Convert 1277 (base 9) to base 7.
2542
192 (base 10) to base 2
11000000
Convert -13d (base 14) to base 8.
-373
Convert 23121123 (base 4) to base 3.
2101001000
What is -68ab (base 13) in base 16?
-3953
Convert 309 (base 11) to base 13.
228
What is -227 (base 15) in base 4?
-13213
-22210220 (base 3) to base 7
-24504
Convert 333b (base 12) to base 6.
42115
Convert -100488 (base 9) to base 13.
-210a4
What is 1230 (base 7) in base 9?
563
1327 (base 10) to base 7
3604
-14766 (base 8) to base 15
-1e81
11330 (base 4) to base 3
112002
-24503 (base 13) to base 8
-202306
What is -4cc8 (base 15) in base 5?
-1011023
Convert -8095 (base 13) to base 7.
-102412
What is -4f28 (base 16) in base 8?
-47450
-622 (base 15) to base 7
-4013
-21023 (base 5) to base 4
-111230
Convert 1021222 (base 3) to base 12.
668
What is 31b9 (base 14) in base 16?
218f
11020011102 (base 3) to base 2
10100010100011001
What is 4863 (base 16) in base 8?
44143
What is -20786 (base 11) in base 9?
-45411
5675 (base 12) to base 8
22571
-636 (base 12) to base 3
-1020120
Convert -14cb (base 16) to base 13.
-2566
What is 114564 (base 7) in base 3?
1001122000
5bd4 (base 15) to base 9
28731
Convert 122043 (base 5) to base 10.
4648
What is -20332 (base 5) in base 9?
-1751
Convert -203 (base 15) to base 5.
-3303
What is 8b (base 14) in base 13?
96
Convert -6588 (base 9) to base 2.
-1001011111011
What is -11321 (base 9) in base 12?
-4454
-132410 (base 5) to base 13
-258c
Convert -42254 (base 7) to base 9.
-15265
What is -1446 (base 7) in base 11?
-481
What is 3331 (base 4) in base 3?
100101
What is -313501 (base 7) in base 13?
-1b814
5a9 (base 11) to base 6
3204
What is 10000111010 (base 2) in base 3?
1111002
-33000213 (base 4) to base 14
-18595
What is -455 (base 10) in base 5?
-3310
What is 22214 (base 5) in base 7?
4355
31516 (base 7) to base 16
1e7c
Convert -2313 (base 5) to base 7.
-654
What is 2018 (base 11) in base 13?
12b3
1440232 (base 5) to base 16
77e4
Convert 1381 (base 14) to base 11.
2652
Convert 21222221 (base 3) to base 10.
5830
What is 1350 (base 10) in base 14?
6c6
What is c0fb (base 16) in base 15?
e988
Convert 76324 (base 8) to base 4.
13303110
What is 21727 (base 8) in base 3?
110120211
414 (base 8) to base 9
327
What is 101111100011011 (base 2) in base 16?
5f1b
What is -236411 (base 7) in base 12?
-20b1b
What is -1ef (base 16) in base 6?
-2143
Convert 11010000110 (base 2) to base 9.
2255
Convert 625 (base 10) to base 5.
10000
b487 (base 12) to base 2
100110011100111
108d (base 14) to base 4
230311
-d3e (base 15) to base 13
-1487
Convert -4214041 (base 5) to base 7.
-410531
-2040323 (base 5) to base 4
-20100232
What is c9 (base 14) in base 6?
453
What is 10121211 (base 3) in base 14?
d69
What is -25185 (base 13) in base 7?
-403242
1211103 (base 4) to base 9
8803
What is -1a663 (base 11) in base 4?
-13001022
Convert -1221102 (base 3) to base 7.
-4061
What is 1232 (base 6) in base 2?
100110100
What is -10011 (base 2) in base 4?
-103
10021 (base 3) to base 6
224
Convert -ac6e (base 16) to base 2.
-1010110001101110
907 (base 14) to base 11
1370
What is -3430 (base 6) in base 9?
-1100
4369 (base 10) to base 6
32121
What is -10000011110100 (base 2) in base 10?
-8436
Convert 13311303 (base 4) to base 14.
b9bd
What is -24046 (base 7) in base 13?
-2a97
180 (base 9) to base 8
231
Convert -70 (base 12) to base 16.
-54
-44d (base 15) to base 14
-4d7
Convert 10522 (base 11) to base 10.
15270
414 (base 9) to base 15
177
Convert -1010110001000 (base 2) to base 16.
-1588
What is -111111101111011 (base 2) in base 8?
-77573
What is -cd6 (base 15) in base 10?
-2901
Convert 174 (base 8) to base 3.
11121
1797 (base 14) to base 5
113444
What is 8706 (base 16) in base 14?
c850
Convert 20ba (base 12) to base 14.
1450
2329 (base 10) to base 16
919
Convert 539 (base 10) to base 9.
658
-360 (base 12) to base 16
-1f8
What is 252 (base 8) in base 12?
122
What is -13241 (base 5) in base 11?
-894
Convert 503465 (base 7) to base 5.
10212212
What is 1011011100 (base 2) in base 5?
10412
-403413 (base 6) to base 8
-76241
What is -55047 (base 8) in base 5?
-1214304
1101110000 (base 2) to base 15
3da
2023103 (base 4) to base 12
51ab
Convert 25553 (base 6) to base 2.
111100101101
Convert -1001100110 (base 2) to base 11.
-509
Convert -1173 (base 13) to base 4.
-212130
What is 31d (base 14) in base 7?
1536
Convert 2354 (base 15) to base 